- 10. Let n be c(z). What is the highest common factor of q and n?
9
Suppose 2*s - 3 = 31. Suppose 0 = -0*h - 14*h + 14. Calculate the greatest common factor of h and s.
1
Suppose 0 = -12*h + 2010 + 12690. What is the highest common factor of h and 7?
7
Let v be 28/6 - 6/(-18). Let r = v + -3. Let n be (1 + -24)*r/(-2). What is the highest common divisor of n and 92?
23
Let s(r) = -31 + 2*r + 14 - 6*r. Let h be s(-9). What is the highest common divisor of 38 and h?
19
Let l be 16/(-12) - (-18227)/33. Calculate the greatest common divisor of 29 and l.
29
Suppose -11 = 3*o + 4*t + 9, -o = -4*t - 20. Suppose -2*h - 3*p - 7 = o, h + 4*p + 9 = -2. Calculate the highest common divisor of h and 7.
1
Let j = -53 - -65. Suppose -2*r = -7*r - k + 15, -4*r - 3*k + j = 0. What is the greatest common divisor of 21 and r?
3
Let x(f) = f**2 - 12*f + 23. Let z be x(13). Calculate the highest common factor of 9 and z.
9
Suppose -10*q + 2985 + 1015 = 0. Calculate the greatest common factor of q and 50.
50
Let v = 2423 + -1964. Calculate the greatest common divisor of 51 and v.
51
Suppose -2*g + g - 3*l = -10, 24 = 4*g + 4*l. Suppose -6*n = -g*n - 104. Let j = 126 + -48. Calculate the greatest common divisor of n and j.
26
Let z = -397 + 605. Let f be (3 - 1) + 24*1. What is the highest common divisor of z and f?
26
Suppose -32 = -3*g + 4. Suppose -2*n - 4 = 4*f + 4, 0 = -2*n + f + g. What is the highest common divisor of n and 16?
4
Let r be 2 - 96*1*-1. Let f = -40 + r. Suppose f = 4*p - 2*x + 5*x, -2*x - 36 = -2*p. Calculate the greatest common divisor of p and 128.
16
Suppose 0 = 27*v + 2811 - 8778. What is the highest common divisor of 119 and v?
17
Let j(n) = -2*n - 7. Let w be j(-9). Let z = w + 5. What is the greatest common divisor of 40 and z?
8
Let h = 294 - 231. Calculate the highest common divisor of h and 161.
7
Suppose -2*l = -21*l + 1824. What is the greatest common factor of l and 12?
12
Let j be (-14950)/117 - 2/9. Let u = j + 250. Let g be u/18 - (-6)/27. Calculate the greatest common factor of 49 and g.
7
Let f be -3*(-2 + (4 - (-743)/(-3))). Calculate the highest common factor of f and 11.
11
Let n(f) = -4 + f + 6*f - 9*f - f. Let d be n(-2). Suppose b + 40 = 3*m, 0*m + d*b = -2*m + 24. Calculate the greatest common factor of 117 and m.
13
Let i = -257 - -275. What is the highest common divisor of i and 12?
6
Let s = 1980 + -1875. Calculate the greatest common factor of 595 and s.
35
Let o = 377 - -1073. What is the highest common factor of 58 and o?
58
Suppose -22*f - 2 + 354 = 0. Suppose -5*b + 8 = -5*r + 73, -r - 3*b = 7. Calculate the greatest common divisor of f and r.
8
Suppose 2*c = -4*a + 10, -5*c + 36 = 4*a - 1. Suppose 6*v - 405 = v. Suppose 2*b = b + v. What is the greatest common divisor of b and c?
9
Let s be (-37)/(-148) + (-1617)/(-12). Suppose -2*n = 2*n - 60. What is the greatest common divisor of n and s?
15
Suppose -13 = 4*k - 45. Let s(b) = b + 34. Let f(c) = c**2 + 11*c. Let u be f(-9). Let g be s(u). Calculate the greatest common factor of g and k.
8
Let r be 865/(-35) + (-2)/7 + 0. Let s be r/20 + 1385/20. Calculate the greatest common factor of 34 and s.
34
Let y(d) = d**3 - 3*d**2 - 11*d - 40. Let j be y(6). Suppose -5*g = -0*g - 15. What is the highest common factor of g and j?
1
Suppose 26 = 5*x - 14. Let h(t) = t**2 - 2*t - 2. Let s be h(-2). Suppose -s*c - 52 = -x*c. Calculate the highest common factor of 13 and c.
13
Let t be ((0 + 1)*-1)/(-1). Let o(h) = -3*h - 44. Let g be o(-15). Let l be g + -1 + 3 + 5. Calculate the greatest common factor of l and t.
1
Let a = 1452 + -1435. Let y = -29 - -63. Calculate the highest common factor of y and a.
17
Let v be 26 + 3*2/(-3). Suppose 392 = 4*x + 2*t, 3*x - 5*t = -3*t + 280. What is the greatest common factor of v and x?
24
Suppose -3*s + 518 = -4*z, -z + 5 = 4*z. Calculate the greatest common factor of 58 and s.
58
Suppose -2*m - 2*m - 3*n - 12 = 0, 0 = -2*m - n - 8. Let x be ((-76)/6)/(m/18). Suppose 0 = 5*k + x - 158. Calculate the highest common divisor of 24 and k.
24
Suppose -16965 = 7*k - 36*k. Calculate the highest common factor of k and 45.
45
Suppose 0 = -n - 1880 + 2062. Calculate the greatest common factor of 1365 and n.
91
Suppose p - 2*y = 565, 0*y + 2*y = 2*p - 1124. What is the greatest common factor of 43 and p?
43
Let d be 96 + (-6 - (-9 - -4)). Calculate the highest common divisor of 57 and d.
19
Let y be (((-80)/(-5))/(-1))/(6/(-51)). What is the highest common factor of y and 17?
17
Let i = -44 + 40. Let x be i/(-3)*(-63)/(-14). What is the greatest common divisor of 36 and x?
6
Suppose -3*q = 3*z - 90, -9*q + 13*q = 3*z - 118. What is the greatest common divisor of 187 and z?
17
Let h(l) = -l**2 - 5*l + 7. Let s be h(-5). Let q = -1043 - -1057. Calculate the greatest common factor of q and s.
7
Suppose -d + 73 + 18 = 5*c, 4*d = 3*c + 295. What is the greatest common divisor of d and 152?
76
Let g(y) = 2*y + 10. Let m be g(-9). Let p be (-1 + m)/((-9)/24). Let n = 207 + -111. Calculate the highest common divisor of p and n.
24
Let p(f) = -2*f - 4. Let d be p(-4). Suppose 0 = 3*r + q - 9 - 18, 5*r - 5*q = 25. Let a = r + d. Calculate the highest common divisor of 36 and a.
12
Let q(j) = j**3 - 12*j**2 - 10*j - 1. Let n be q(13). What is the highest common factor of n and 418?
38
Let n = -1295 - -1319. What is the highest common factor of 294 and n?
6
Let c = -486 + 726. Suppose c = 11*k - 3*k. Calculate the greatest common factor of k and 120.
30
Suppose 1440 = 74*h - 58*h. Calculate the greatest common divisor of 495 and h.
45
Let b = -428 + 437. Let d be 188/3 - (-1)/3. What is the greatest common divisor of b and d?
9
Suppose -11 = -3*k - 2. Let y = k + 0. Suppose 0 = -0*i - 5*i + y*l + 18, 4*l = 16. What is the greatest common divisor of i and 3?
3
Suppose 5*a = -s + 586, 5*s - a - 2969 = -169. Calculate the highest common factor of s and 66.
33
Let a = 153 + -162. Let b be 53 + (-2 - -1) + (-7 - a). What is the highest common divisor of b and 6?
6
Let b be 2 - 6 - (-20)/5. Suppose -2*a - 6*z = -2*z + 6, 4*a - 3*z - 10 = b. Let w be (-2)/3*-3 - -7. What is the highest common divisor of a and w?
1
Let i be 0 - 2 - (-6 - 10). Suppose 4*b = -2*x + 18, -2*x + i = 3*b - 0*x. Let m = 8 - b. What is the highest common factor of m and 4?
4
Let o(f) = -6*f**2 - 5. Let s be o(-3). Let x = s + 85. Calculate the greatest common divisor of 182 and x.
26
Suppose -4*a = 70 - 210. Let u be (14/(-5))/(8/(-40)). Calculate the highest common factor of u and a.
7
Suppose 0 = 2*o + 15 - 61. Let s = o + -9. Let g be ((-165)/45)/((-22)/12). Calculate the highest common divisor of s and g.
2
Let k(m) = -m**2 + 5*m + 6. Let n be k(6). Suppose n = -o + 2 + 1. Suppose -8*y - 84 = -12*y. What is the greatest common divisor of o and y?
3
Let n(j) = 5*j**2 + 26*j + 89. Let p be n(-4). Suppose 0*d - 13 = -d. What is the highest common factor of p and d?
13
Suppose -66 = -2*s + 2*p - 5*p, -4*s + 120 = 3*p. What is the highest common divisor of s and 45?
9
Let q be (12/14)/((-28)/(-6468)). What is the greatest common factor of q and 44?
22
Suppose -40*r + 33*r = -28. Suppose -3*a + 3*t = t - 106, r*a - 153 = 5*t. Calculate the greatest common divisor of 288 and a.
32
Let n(t) = -t**3 + 5*t**2 - 2*t - 3. Let k be n(6). Let u = -139 - k. Let x = 198 + u. Calculate the greatest common factor of x and 22.
22
Let y(f) = -f**3 - 15*f**2 - 12*f. Let g be y(-14). Let k = g + 83. What is the highest common divisor of 22 and k?
11
Suppose 20 = 5*l, 3*b - 17*l + 15*l - 112 = 0. What is the highest common factor of 336 and b?
8
Let u be (-18)/(-12)*(-8)/(-6). Suppose -u*m = -5*m. Suppose r + r + 3*z - 41 = m, -4*z = 3*r - 59. Calculate the highest common divisor of 13 and r.
13
Let p be (-8)/(-12) + (-82)/(-3). Suppose 3*b + p = 4*m, -m - 2*m = -2*b - 19. Let h be 3/2*b/(-3). Calculate the greatest common factor of h and 8.
4
Suppose 96 = 3*g + 2*k, -5*k + 10*k - 75 = -2*g. What is the highest common factor of g and 390?
30
Let v be (-9)/3 - (-727 - (7 + -6)). What is the highest common divisor of 25 and v?
25
Let w be (-525)/(-12) - ((-750)/(-40))/(-15). Calculate the highest common divisor of w and 915.
15
Let u(a) be the first derivative of 4*a**3/3 + 3*a**2 - 2*a + 15. Let x be u